{"id":30,"date":"2023-05-10T23:04:01","date_gmt":"2023-05-10T22:04:01","guid":{"rendered":"https:\/\/nurdemir.org\/?page_id=30"},"modified":"2023-05-12T20:19:37","modified_gmt":"2023-05-12T17:19:37","slug":"hakkimizda","status":"publish","type":"page","link":"https:\/\/nurdemir.org\/index.php\/hakkimizda\/","title":{"rendered":"Hakk\u0131m\u0131zda"},"content":{"rendered":"\n<div class=\"wp-block-group\"><div class=\"wp-block-group__inner-container is-layout-constrained wp-block-group-is-layout-constrained\">\n<div class=\"wp-block-columns is-layout-flex wp-container-core-columns-is-layout-1 wp-block-columns-is-layout-flex\">\n<div class=\"wp-block-column is-vertically-aligned-bottom is-layout-flow wp-block-column-is-layout-flow\" style=\"flex-basis:100%\">\n<div class=\"wp-block-media-text alignwide is-stacked-on-mobile is-vertically-aligned-center\" style=\"grid-template-columns:45% auto\"><figure class=\"wp-block-media-text__media\"><video controls src=\"https:\/\/nurdemir.org\/wp-content\/uploads\/2023\/05\/urun.mp4\"><\/video><\/figure><div class=\"wp-block-media-text__content\">\n<p class=\"has-text-align-left\">30 y\u0131l\u0131 a\u015fk\u0131n hizmet vermeye ba\u015flad\u0131\u011f\u0131m\u0131z bu sekt\u00f6rde  Nur Demir s\u00fcrd\u00fcr\u00fclebilir i\u015fletmecilik anlay\u0131\u015f\u0131 ile b\u00fcy\u00fck bir tutku ile kuruldu. Kurulu\u015fumuz ile birlikte ARGE alan\u0131nda yat\u0131r\u0131mlar yaparak, inovatif \u00fcr\u00fcnler \u00fcreterek m\u00fc\u015fterilerimiz i\u00e7in kal\u0131c\u0131 \u00e7\u00f6z\u00fcmler sa\u011flamaktay\u0131z. Ayn\u0131 zamanda yeni nesil teknolojik geli\u015fmeleri yak\u0131ndan ara\u015ft\u0131rarak, yenilik\u00e7i bir anlay\u0131\u015f ile m\u00fc\u015fteri istek ve ihtiya\u00e7lar\u0131na uygun teknik \u00e7\u00f6z\u00fcmler \u00fcretmekteyiz. Bu ilkeler do\u011frultusunda kal\u0131c\u0131 m\u00fc\u015fteri memnuniyeti sa\u011flamaktay\u0131z. \u00c7al\u0131\u015fanlar\u0131m\u0131z ile olu\u015fturdu\u011fumuz misyonumuz, ama\u00e7lar\u0131m\u0131za k\u0131lavuzluk eden vizyonumuz, insan\u0131 merkezine koyan temel ilkelerimiz \u015firketimizin kurumsal kimli\u011finin olu\u015fmas\u0131na yard\u0131mc\u0131 olmakta.<\/p>\n<\/div><\/div>\n<\/div>\n<\/div>\n<\/div><\/div>\n\n\n\n<div class=\"wp-block-columns alignfull is-layout-flex wp-container-core-columns-is-layout-2 wp-block-columns-is-layout-flex\">\n<div class=\"wp-block-column is-layout-flow wp-block-column-is-layout-flow\" style=\"flex-basis:100%\">\n<p>Kurumsal organizasyonlar ger\u00e7ekte \u00f6\u011frenen disiplinlerdir. G\u00fcn\u00fcm\u00fczde m\u00fc\u015fterilerimizin kompleks hale gelen taleplerini ba\u015far\u0131l\u0131 operasyonel s\u00fcre\u00e7ler ile y\u00f6netmekteyiz. \u00d6l\u00e7me, karar verme yetimizdeki ilkeli tutumumuz \u015firket verimlili\u011fimizi artt\u0131rmaktad\u0131r. \u015eirketimiz i\u015f eti\u011fi, m\u00fc\u015fteri odakl\u0131 yakla\u015f\u0131m\u0131 benimser. Her memnun m\u00fc\u015fteri hikayemizi olu\u015fturan amac\u0131 yeniden hat\u0131rlat\u0131r bizlere. Tak\u0131m ruhuna inanan beyaz yakal\u0131 profesyonellerimiz ile m\u00fc\u015fterilerimizin ihtiya\u00e7lar\u0131n\u0131n temel gereksinimleri belirler \u00e7\u00f6z\u00fcm\u00fcn \u00f6z\u00fcn\u00fc yakalar\u0131z. Bizim i\u00e7in d\u00fc\u015f\u00fck verimlilik i\u015f hedeflerinin \u00f6n\u00fcndeki en \u00f6nemli bariyerdir. Her m\u00fc\u015fterimizin talebi ve beklentisi \u00f6zeldir ve \u00f6zel \u00e7\u00f6z\u00fcmler gerektirir. Bu fark\u0131ndal\u0131kla hizmet i\u00e7i e\u011fitimler ile kendimizi geli\u015ftirir sanayinin getirdi\u011fi ciddiyet ile akademik ve bilimsel geli\u015fmeleri yak\u0131ndan izleriz. Her m\u00fc\u015fterimizin duygular\u0131n\u0131 \u00f6nemser, beklentisinin \u00fczerinde hizmet almas\u0131 i\u00e7in ekstra \u00e7aba ve emek harcar\u0131z. Hem \u00e7al\u0131\u015fanlar\u0131m\u0131z\u0131n hem de m\u00fc\u015fterilerimizin \u015firketimize olan aidiyet duygusu bizim bug\u00fcnden yar\u0131nlara olan g\u00f6n\u00fcl ba\u011flar\u0131m\u0131z\u0131 kabul ettirir. Her \u00e7al\u0131\u015fan\u0131m\u0131z bizim i\u00e7in de\u011ferli, her m\u00fc\u015fterimiz bizim i\u00e7in \u00f6zeldir. Bu ba\u011f\u0131 g\u00fc\u00e7l\u00fc k\u0131lmak ve aidiyet duygusunda s\u00fcreklilik sa\u011flamak i\u00e7in bu ba\u011f\u0131 sevgimiz ile besleriz. Biz \u00e7al\u0131\u015fanlar\u0131m\u0131z ve m\u00fc\u015fterilerimiz ile ayr\u0131lmaz bir b\u00fct\u00fcn ve g\u00fc\u00e7l\u00fc bir tak\u0131m\u0131z.<\/p>\n<\/div>\n<\/div>\n","protected":false},"excerpt":{"rendered":"<p>30 y\u0131l\u0131 a\u015fk\u0131n hizmet vermeye ba\u015flad\u0131\u011f\u0131m\u0131z bu sekt\u00f6rde Nur Demir s\u00fcrd\u00fcr\u00fclebilir i\u015fletmecilik anlay\u0131\u015f\u0131 ile b\u00fcy\u00fck bir tutku ile kuruldu. Kurulu\u015fumuz ile birlikte ARGE alan\u0131nda yat\u0131r\u0131mlar yaparak, inovatif \u00fcr\u00fcnler \u00fcreterek m\u00fc\u015fterilerimiz i\u00e7in kal\u0131c\u0131 \u00e7\u00f6z\u00fcmler sa\u011flamaktay\u0131z. Ayn\u0131 zamanda yeni nesil teknolojik geli\u015fmeleri yak\u0131ndan ara\u015ft\u0131rarak, yenilik\u00e7i bir anlay\u0131\u015f ile m\u00fc\u015fteri istek ve ihtiya\u00e7lar\u0131na uygun teknik \u00e7\u00f6z\u00fcmler \u00fcretmekteyiz. Bu ilkeler do\u011frultusunda kal\u0131c\u0131 m\u00fc\u015fteri memnuniyeti sa\u011flamaktay\u0131z. \u00c7al\u0131\u015fanlar\u0131m\u0131z ile olu\u015fturdu\u011fumuz misyonumuz, ama\u00e7lar\u0131m\u0131za k\u0131lavuzluk eden vizyonumuz, insan\u0131 merkezine koyan temel ilkelerimiz \u015firketimizin kurumsal kimli\u011finin olu\u015fmas\u0131na yard\u0131mc\u0131 olmakta. Kurumsal organizasyonlar ger\u00e7ekte \u00f6\u011frenen disiplinlerdir. G\u00fcn\u00fcm\u00fczde m\u00fc\u015fterilerimizin kompleks hale gelen taleplerini ba\u015far\u0131l\u0131 operasyonel s\u00fcre\u00e7ler ile y\u00f6netmekteyiz. \u00d6l\u00e7me, karar verme yetimizdeki ilkeli tutumumuz \u015firket verimlili\u011fimizi artt\u0131rmaktad\u0131r. \u015eirketimiz i\u015f eti\u011fi, m\u00fc\u015fteri odakl\u0131 yakla\u015f\u0131m\u0131 benimser. Her memnun m\u00fc\u015fteri hikayemizi olu\u015fturan amac\u0131 yeniden hat\u0131rlat\u0131r bizlere. Tak\u0131m ruhuna inanan beyaz yakal\u0131 profesyonellerimiz ile m\u00fc\u015fterilerimizin ihtiya\u00e7lar\u0131n\u0131n temel gereksinimleri belirler \u00e7\u00f6z\u00fcm\u00fcn \u00f6z\u00fcn\u00fc yakalar\u0131z. Bizim i\u00e7in d\u00fc\u015f\u00fck verimlilik i\u015f hedeflerinin \u00f6n\u00fcndeki en \u00f6nemli bariyerdir. Her m\u00fc\u015fterimizin talebi ve beklentisi \u00f6zeldir ve \u00f6zel \u00e7\u00f6z\u00fcmler gerektirir. Bu fark\u0131ndal\u0131kla hizmet i\u00e7i e\u011fitimler ile kendimizi geli\u015ftirir sanayinin getirdi\u011fi ciddiyet ile akademik ve bilimsel geli\u015fmeleri yak\u0131ndan izleriz. Her m\u00fc\u015fterimizin duygular\u0131n\u0131 \u00f6nemser, beklentisinin \u00fczerinde hizmet almas\u0131 i\u00e7in ekstra \u00e7aba ve emek harcar\u0131z. Hem \u00e7al\u0131\u015fanlar\u0131m\u0131z\u0131n hem de m\u00fc\u015fterilerimizin \u015firketimize olan aidiyet duygusu bizim bug\u00fcnden yar\u0131nlara olan g\u00f6n\u00fcl ba\u011flar\u0131m\u0131z\u0131 kabul ettirir. Her \u00e7al\u0131\u015fan\u0131m\u0131z bizim i\u00e7in de\u011ferli, her m\u00fc\u015fterimiz bizim i\u00e7in \u00f6zeldir. Bu ba\u011f\u0131 g\u00fc\u00e7l\u00fc k\u0131lmak ve aidiyet duygusunda s\u00fcreklilik sa\u011flamak i\u00e7in bu ba\u011f\u0131 sevgimiz ile besleriz. Biz \u00e7al\u0131\u015fanlar\u0131m\u0131z ve m\u00fc\u015fterilerimiz ile ayr\u0131lmaz bir b\u00fct\u00fcn ve g\u00fc\u00e7l\u00fc bir tak\u0131m\u0131z.<\/p>\n","protected":false},"author":1,"featured_media":0,"parent":0,"menu_order":0,"comment_status":"closed","ping_status":"closed","template":"","meta":{"footnotes":""},"class_list":["post-30","page","type-page","status-publish","hentry"],"_links":{"self":[{"href":"https:\/\/nurdemir.org\/index.php\/wp-json\/wp\/v2\/pages\/30","targetHints":{"allow":["GET"]}}],"collection":[{"href":"https:\/\/nurdemir.org\/index.php\/wp-json\/wp\/v2\/pages"}],"about":[{"href":"https:\/\/nurdemir.org\/index.php\/wp-json\/wp\/v2\/types\/page"}],"author":[{"embeddable":true,"href":"https:\/\/nurdemir.org\/index.php\/wp-json\/wp\/v2\/users\/1"}],"replies":[{"embeddable":true,"href":"https:\/\/nurdemir.org\/index.php\/wp-json\/wp\/v2\/comments?post=30"}],"version-history":[{"count":10,"href":"https:\/\/nurdemir.org\/index.php\/wp-json\/wp\/v2\/pages\/30\/revisions"}],"predecessor-version":[{"id":380,"href":"https:\/\/nurdemir.org\/index.php\/wp-json\/wp\/v2\/pages\/30\/revisions\/380"}],"wp:attachment":[{"href":"https:\/\/nurdemir.org\/index.php\/wp-json\/wp\/v2\/media?parent=30"}],"curies":[{"name":"wp","href":"https:\/\/api.w.org\/{rel}","templated":true}]}}